
16
Let d = 1110 + -1077. What is the highest common divisor of d and 77?
11
Let s be (-25)/((-875)/(-5628)) + (-1)/5. Let n = -160 - s. What is the highest common divisor of 1 and n?
1
Suppose -q = 2*q - 72. Let s(d) = -d + 16. Let j = 10 + -10. Let n be s(j). Calculate the greatest common factor of q and n.
8
Suppose 3*o - 480 = -0*o. Let f be 2/4 - 565/(-10). Let h = f - 37. Calculate the highest common factor of o and h.
20
Let m be ((-7)/(-14))/(5/1800). Calculate the greatest common factor of 460 and m.
20
Suppose -y - y + 5*p - 22 = 0, 4*y - 2*p + 12 = 0. Let q = -17 + 27. Let n be (48/q)/(y/(-5)). Calculate the greatest common factor of 48 and n.
24
Let y = -8 + -2. Let q be ((-16)/y)/(1/(-5)). Let g be (47 - -1)*q/(-12). What is the greatest common factor of 16 and g?
16
Let p be -224 + 3 + -3 - 3. Let v = -152 - p. Suppose 37 = 3*f - 8. Calculate the greatest common factor of v and f.
15
Let m = -495 + 873. What is the greatest common divisor of m and 210?
42
Let m be 44/6*(-93)/(-62). Calculate the highest common divisor of 3 and m.
1
Suppose -113 - 121 = -b. What is the greatest common factor of b and 18?
18
Let a = -55 + 100. Calculate the highest common divisor of 855 and a.
45
Suppose 2*l + 5*g = -l + 28, 2*l - 2*g - 8 = 0. Calculate the greatest common factor of 32 and l.
2
Suppose -3*j - 4*j = -182. Suppose -5*f - 88 = -218. What is the highest common divisor of j and f?
26
Suppose 4*l + 27 - 279 = 0. Suppose -11 + 176 = 3*g. Let t be 237/33 - 10/g. Calculate the highest common divisor of t and l.
7
Let u be (-280)/(-130) - 4/26. Let x = 3 + 6. Suppose p = -3 + x. What is the highest common divisor of u and p?
2
Let j(s) = 31*s - 9. Let m be j(1). What is the greatest common divisor of m and 792?
22
Let x = 354 - 236. Let q(b) = b**2 - 4*b - 3. Let p be q(-1). Let v be p/(-3) + x/6. What is the greatest common factor of 19 and v?
19
Let r = -22 + 12. Let k be (5/r)/(1/(-6)). Suppose 136 = k*i + 55. What is the highest common divisor of 3 and i?
3
Suppose -12*a + 89 = -79. Calculate the greatest common factor of a and 35.
7
Suppose 55 = 6*q - q. Suppose 0 = 3*z - 103 - 425. Calculate the greatest common factor of z and q.
11
Let u be -33*(4 + 26/(-6)). Calculate the highest common divisor of 88 and u.
11
Suppose -2*n = -9*y + 8*y + 1, 2*y = 3*n + 3. What is the greatest common divisor of n and 27?
1
Suppose -5*w = b - 11, -b + w = -6*b - 65. Let o(g) = g**2 + 11*g - 12. Let f be o(b). What is the greatest common divisor of 120 and f?
30
Suppose 5*d = 10*d - 65. Let t = d + -22. Let c = t - -19. Calculate the highest common divisor of c and 10.
10
Suppose -427 = -9*v + 2246. Calculate the greatest common divisor of 216 and v.
27
Suppose -110 = -4*c + 70. Suppose -c = -4*g - g. Let h = 17 - g. Calculate the highest common divisor of h and 88.
8
Suppose -4*c - c = r - 60, -2*c = -4*r - 2. Let g = 1129 + -1008. Calculate the highest common factor of c and g.
11
Let t be (-6)/(-6)*(3 + 0). Suppose 0 = -i + 2*i + 4, 4*m - 432 = t*i. What is the highest common factor of m and 70?
35
Let s(p) = p**2 + 4*p - 3. Suppose -8*u + 6*u - 12 = 0. Let x be s(u). What is the greatest common factor of x and 1?
1
Suppose -14 = 13*i - 12*i. Let c = 59 + i. What is the highest common divisor of c and 15?
15
Suppose -173 = -4*b - 2*q + 35, 0 = -4*q + 8. Let y(a) = -a + 17. Let h be y(0). What is the greatest common factor of h and b?
17
Let s be ((-7)/(84/(-208)))/(14/441). What is the highest common factor of s and 84?
42
Let k(z) = -z**3 + 8*z**2 - 5*z + 12. Let u be k(7). Let f = 39 - u. What is the greatest common divisor of f and 26?
13
Let t(b) = 8*b - 60. Let l(h) = 3*h - 20. Let i(j) = 11*l(j) - 4*t(j). Let c be i(-6). What is the greatest common divisor of 70 and c?
14
Suppose 0 = 6*c - 3*c. Suppose 0 = 2*n - 0*n + 4*u, c = -4*u. Suppose n = -4*r + 24 + 52. What is the greatest common divisor of 133 and r?
19
Let v(w) = 54*w**2 + 1. Let b be v(1). Let t be 264/26 + (-21)/(1092/8). Calculate the highest common divisor of t and b.
5
Suppose 5*r = -n + 16, 2*n + 5*r - 23 - 29 = 0. Calculate the highest common factor of 10 and n.
2
Let d = 1685 - -450. Calculate the highest common factor of d and 35.
35
Suppose -36 = 16*o - 25*o. Let u be (-1)/(-3) - (-84)/18. Suppose -r + u = 4*r. What is the highest common factor of o and r?
1
Suppose 0*s = -2*s + 14. Let u = s + -4. Suppose 2*c - 3*j - 38 = 16, 4*c + 3*j - 108 = 0. Calculate the greatest common divisor of c and u.
3
Suppose -3*y - 2*y + 2100 = 0. Calculate the greatest common factor of y and 56.
28
Let y be 24*(-1 + 2) - 4. Suppose 31 = 2*t - 69. What is the greatest common divisor of y and t?
10
Let j(u) = 2*u**3 - 2*u**2 - 5*u + 3. Let r be j(3). Let h = 376 + -184. Calculate the greatest common divisor of r and h.
24
Suppose 52*j - 940 = 516. Let a(v) = v**2 + v - 4. Let d be a(3). What is the greatest common factor of d and j?
4
Suppose -i + 3*c = -8, -5*i + 2*c + 6 = 4*c. Suppose -2*b - 3*l = -226, -2 = -i*l + l. What is the highest common divisor of 44 and b?
22
Let r = -10 + 6. Let l be r*((-22)/(-8))/(-1). Let b = 43 - l. What is the highest common divisor of b and 80?
16
Suppose 39*v - 33*v = -84. Let a be 2/(-7) + 2/(v/(-933)). What is the highest common factor of a and 19?
19
Let y(h) = 8*h - 1. Let f be y(1). Suppose 0*b + 10 = 5*b. Suppose 4*l + k - 191 = 0, 93 = b*l + 3*k - 2*k. Calculate the highest common factor of l and f.
7
Let g(v) = 20*v**2 - 40 - v**3 - 3*v - 12*v**2 + 6*v. Let o be g(7). Calculate the highest common factor of 10 and o.
10
Suppose 13*s = 10*s + 117. Let d be (s/26)/(1/2). What is the highest common divisor of 27 and d?
3
Let k(b) = -4*b**2 - 12*b + 4. Let s be k(-4). Let j = s - -48. What is the greatest common factor of j and 54?
18
Let p = 265 - 157. Let q = 20 - 62. Let s be (1 + -16 + 1)*36/q. Calculate the greatest common factor of s and p.
12
Let c(w) = w**3 - 4*w + 7. Let o be c(5). Let u = -2805 - -2889. What is the highest common factor of u and o?
28
Suppose -6*y + 3*y = -51. Let u = y - -1. What is the highest common divisor of 216 and u?
18
Suppose -215 = -q - 4*q. Suppose 4*a - q - 21 = 0. Suppose -144 = -j + 2*o, 18 + 414 = 3*j + 3*o. What is the greatest common divisor of a and j?
16
Let u = -1671 - -1692. Calculate the highest common divisor of u and 159.
3
Let l = 3064 + -2976. Calculate the greatest common divisor of l and 168.
8
Suppose -3*n = -3*z - 138, 3*z - 96 + 30 = -n. Calculate the greatest common divisor of n and 663.
51
Suppose 116*u = 115*u + 30. Calculate the greatest common divisor of 1395 and u.
15
Let b(i) = -27*i**3 - 2*i**2 + i + 2. Let o be b(-1). Suppose 4*x - 2*x - 130 = 0. What is the greatest common factor of o and x?
13
Let q = -99 - -151. Suppose 3*z = q + 56. Suppose -z - 34 = -5*u. What is the highest common divisor of 154 and u?
14
Suppose -2*u - 120 = -3*o + u, 0 = 2*o + 4*u - 110. What is the greatest common factor of 27 and o?
9
Let o = 981 + -759. What is the greatest common factor of o and 296?
74
Let t(u) = u**2 - 2. Let m be t(2). Let y be 2/(-6 + 6 + (-1)/(-2)). Let v(q) = 5*q - 10. Let c be v(y). Calculate the greatest common factor of c and m.
2
Suppose 6*p = p + 1440. Suppose 18*f - p = 9*f. Calculate the highest common factor of 4 and f.
4
Suppose -273 = -2*z - 5*z. What is the greatest common factor of 21 and z?
3
Let i(q) = q**3 + 36*q**2 + 100*q + 64. Let b be i(-33). Calculate the greatest common factor of b and 217.
31
Suppose 20*d = 8*d + 60. Let s = 3 + 17. What is the greatest common divisor of s and d?
5
Let m be 104/26 + 69*(-2)/(-3). Suppose -2*q = 2*c - 906, 0*c = -5*c + 15. What is the highest common divisor of q and m?
50
Let b(q) = q**3 + 9*q**2 - 19*q + 40. Let w be b(-11). What is the highest common factor of 1043 and w?
7
Suppose 2*t - 4 = -3*r - 1, 4*t + 5 = 5*r. Let a be 9/3 - (-17)/r. Let f = 486 + -456. Calculate the highest common factor of f and a.
10
Let u = 134 + -121. Suppose -10*o = -u*o + 117. What is the greatest common divisor of o and 26?
13
Suppose -2*t = -4*s - 99 + 31, -s + 1 = 4*t. Let z = s + 139. Let q = 2 + z. What is the greatest common divisor of 14 and q?
14
Let w = 67 - 37. Let z = 61 - w. What is the greatest common factor of 186 and z?
31
Let j be 45